{"id":4783,"date":"2024-10-10T11:30:05","date_gmt":"2024-10-10T09:30:05","guid":{"rendered":"http:\/\/jdbat.fr\/?page_id=4783"},"modified":"2025-03-20T18:46:05","modified_gmt":"2025-03-20T17:46:05","slug":"demande-de-devis","status":"publish","type":"page","link":"https:\/\/jdbat.fr\/index.php\/demande-de-devis\/","title":{"rendered":"Demande de Devis"},"content":{"rendered":"\t\t<div data-elementor-type=\"wp-page\" data-elementor-id=\"4783\" class=\"elementor elementor-4783\">\n\t\t\t\t\t\t<section class=\"elementor-section elementor-top-section elementor-element elementor-element-93a6341 elementor-section-boxed elementor-section-height-default elementor-section-height-default\" data-id=\"93a6341\" data-element_type=\"section\" data-e-type=\"section\" data-settings=\"{&quot;background_background&quot;:&quot;classic&quot;}\">\n\t\t\t\t\t\t\t<div class=\"elementor-background-overlay\"><\/div>\n\t\t\t\t\t\t\t<div class=\"elementor-container elementor-column-gap-default\">\n\t\t\t\t\t<div class=\"elementor-column elementor-col-100 elementor-top-column elementor-element elementor-element-9b44fa2\" data-id=\"9b44fa2\" data-element_type=\"column\" data-e-type=\"column\">\n\t\t\t<div class=\"elementor-widget-wrap elementor-element-populated\">\n\t\t\t\t\t\t<div class=\"elementor-element elementor-element-ccdea3e elementor-widget elementor-widget-heading\" data-id=\"ccdea3e\" data-element_type=\"widget\" data-e-type=\"widget\" data-widget_type=\"heading.default\">\n\t\t\t\t<div class=\"elementor-widget-container\">\n\t\t\t\t\t<h2 class=\"elementor-heading-title elementor-size-default\">Demande de devis<\/h2>\t\t\t\t<\/div>\n\t\t\t\t<\/div>\n\t\t\t\t<div class=\"elementor-element elementor-element-0d00572 elementor-hidden-mobile elementor-widget elementor-widget-text-editor\" data-id=\"0d00572\" data-element_type=\"widget\" data-e-type=\"widget\" data-widget_type=\"text-editor.default\">\n\t\t\t\t<div class=\"elementor-widget-container\">\n\t\t\t\t\t\t\t\t\t<div class=\"flex-shrink-0 flex flex-col relative items-end\">\n<div class=\"pt-0\">\n<div class=\"gizmo-bot-avatar flex h-8 w-8 items-center justify-center overflow-hidden rounded-full\">\n<div class=\"relative p-1 rounded-sm flex items-center justify-center bg-token-main-surface-primary text-token-text-primary h-8 w-8\">\n<div class=\"flex-shrink-0 flex flex-col relative items-end\">\n<div class=\"pt-0\">\n<div class=\"gizmo-bot-avatar flex h-8 w-8 items-center justify-center overflow-hidden rounded-full\">\n<div class=\"relative p-1 rounded-sm flex items-center justify-center bg-token-main-surface-primary text-token-text-primary h-8 w-8\">\n<div class=\"flex-shrink-0 flex flex-col relative items-end\">\n<div class=\"pt-0\">\n<div class=\"gizmo-bot-avatar flex h-8 w-8 items-center justify-center overflow-hidden rounded-full\">\n<div class=\"relative p-1 rounded-sm flex items-center justify-center bg-token-main-surface-primary text-token-text-primary h-8 w-8\">\n<p>Vous avez un projet de construction, de r\u00e9novation ou d\u2019am\u00e9nagement ? <strong>JD BAT <\/strong>&nbsp;est \u00e0 votre disposition pour vous offrir un devis personnalis\u00e9. Nous intervenons sur une large gamme de services, de l&rsquo;\u00e9lectricit\u00e9 \u00e0 la ma\u00e7onnerie, en passant par la plomberie et la toiture.<\/p>\n<\/div>\n<p><strong>Comment \u00e7a fonctionne ?<\/strong><\/p>\n<p>&#8211; Remplissez le formulaire avec vos informations et s\u00e9lectionnez les services souhait\u00e9s.<\/p>\n<p>&#8211; D\u00e9crivez votre projet pour que nous puissions \u00e9valuer vos besoins.<\/p>\n<p>&#8211; Recevez un devis gratuit sous 48 heures.<\/p>\n<p><strong>Pourquoi demander un devis ?<\/strong><br>Un devis d\u00e9taill\u00e9 vous permet de conna\u00eetre pr\u00e9cis\u00e9ment le co\u00fbt des travaux, le d\u00e9lai et les mat\u00e9riaux utilis\u00e9s. Nous nous engageons \u00e0 fournir un service transparent, adapt\u00e9 \u00e0 vos attentes.<\/p>\n<p><strong>Besoin d\u2019un devis urgent ?<\/strong><br>N\u2019h\u00e9sitez pas \u00e0 nous contacter directement au 06 83 73 34 60 ou via jg.jdbat@gmail.com pour toute question ou demande urgente.<\/p>\n<\/div>\n<\/div>\n<\/div>\n<\/div>\n<\/div>\n<\/div>\n<\/div>\n<\/div>\n<\/div>\n<\/div>\n<\/div>\t\t\t\t\t\t\t\t<\/div>\n\t\t\t\t<\/div>\n\t\t\t\t<div class=\"elementor-element elementor-element-795f191 elementor-hidden-desktop elementor-hidden-tablet elementor-widget elementor-widget-text-editor\" data-id=\"795f191\" data-element_type=\"widget\" data-e-type=\"widget\" data-widget_type=\"text-editor.default\">\n\t\t\t\t<div class=\"elementor-widget-container\">\n\t\t\t\t\t\t\t\t\t<div class=\"flex-shrink-0 flex flex-col relative items-end\"><div class=\"pt-0\"><div class=\"gizmo-bot-avatar flex h-8 w-8 items-center justify-center overflow-hidden rounded-full\"><div class=\"relative p-1 rounded-sm flex items-center justify-center bg-token-main-surface-primary text-token-text-primary h-8 w-8\"><div class=\"flex-shrink-0 flex flex-col relative items-end\"><div class=\"pt-0\"><div class=\"gizmo-bot-avatar flex h-8 w-8 items-center justify-center overflow-hidden rounded-full\"><div class=\"relative p-1 rounded-sm flex items-center justify-center bg-token-main-surface-primary text-token-text-primary h-8 w-8\"><div class=\"flex-shrink-0 flex flex-col relative items-end\"><div class=\"pt-0\"><div class=\"gizmo-bot-avatar flex h-8 w-8 items-center justify-center overflow-hidden rounded-full\"><div class=\"relative p-1 rounded-sm flex items-center justify-center bg-token-main-surface-primary text-token-text-primary h-8 w-8\"><p>Vous avez un projet de construction, de r\u00e9novation ou d\u2019am\u00e9nagement ? <strong>JD BAT 91<\/strong> est \u00e0 votre disposition pour vous offrir un devis personnalis\u00e9. Nous intervenons sur une large gamme de services, de l&rsquo;\u00e9lectricit\u00e9 \u00e0 la ma\u00e7onnerie, en passant par la plomberie et la toiture.<\/p><\/div><p><strong>Comment \u00e7a fonctionne ?<\/strong><\/p><p>&#8211; Remplissez le formulaire avec vos informations et s\u00e9lectionnez les services souhait\u00e9s.<\/p><p>&#8211; D\u00e9crivez votre projet pour que nous puissions \u00e9valuer vos besoins.<\/p><p>&#8211; Recevez un devis gratuit sous 48 heures.<\/p><p><strong>Pourquoi demander un devis ?<\/strong><br \/>Un devis d\u00e9taill\u00e9 vous permet de conna\u00eetre pr\u00e9cis\u00e9ment le co\u00fbt des travaux, le d\u00e9lai et les mat\u00e9riaux utilis\u00e9s. Nous nous engageons \u00e0 fournir un service transparent, adapt\u00e9 \u00e0 vos attentes.<\/p><p><strong>Besoin d\u2019un devis urgent ?<\/strong><br \/>N\u2019h\u00e9sitez pas \u00e0 nous contacter directement au 06 00 00 00 00 ou via contact@jdbat91.fr pour toute question ou demande urgente.<\/p><\/div><\/div><\/div><\/div><\/div><\/div><\/div><\/div><\/div><\/div><\/div>\t\t\t\t\t\t\t\t<\/div>\n\t\t\t\t<\/div>\n\t\t\t\t\t<\/div>\n\t\t<\/div>\n\t\t\t\t\t<\/div>\n\t\t<\/section>\n\t\t\t\t<section class=\"elementor-section elementor-top-section elementor-element elementor-element-ef6f666 elementor-section-boxed elementor-section-height-default elementor-section-height-default\" data-id=\"ef6f666\" data-element_type=\"section\" data-e-type=\"section\" data-settings=\"{&quot;background_background&quot;:&quot;classic&quot;}\">\n\t\t\t\t\t\t<div class=\"elementor-container elementor-column-gap-default\">\n\t\t\t\t\t<div class=\"elementor-column elementor-col-100 elementor-top-column elementor-element elementor-element-bf30fe8\" data-id=\"bf30fe8\" data-element_type=\"column\" data-e-type=\"column\">\n\t\t\t<div class=\"elementor-widget-wrap elementor-element-populated\">\n\t\t\t\t\t\t<div class=\"elementor-element elementor-element-38b889e elementor-button-align-stretch elementor-widget elementor-widget-form\" data-id=\"38b889e\" data-element_type=\"widget\" data-e-type=\"widget\" data-settings=\"{&quot;step_next_label&quot;:&quot;Suivant&quot;,&quot;step_previous_label&quot;:&quot;Pr\\u00e9c\\u00e8dent &quot;,&quot;button_width&quot;:&quot;100&quot;,&quot;step_type&quot;:&quot;number_text&quot;,&quot;step_icon_shape&quot;:&quot;circle&quot;}\" data-widget_type=\"form.default\">\n\t\t\t\t<div class=\"elementor-widget-container\">\n\t\t\t\t\t\t\t<form class=\"elementor-form\" method=\"post\" name=\"New Form\">\n\t\t\t<input type=\"hidden\" name=\"post_id\" value=\"4783\"\/>\n\t\t\t<input type=\"hidden\" name=\"form_id\" value=\"38b889e\"\/>\n\t\t\t<input type=\"hidden\" name=\"referer_title\" value=\"JD Bat\" \/>\n\n\t\t\t\n\t\t\t<div class=\"elementor-form-fields-wrapper elementor-labels-above\">\n\t\t\t\t\t\t\t\t<div class=\"elementor-field-type-text elementor-field-group elementor-column elementor-field-group-name elementor-col-100 elementor-field-required\">\n\t\t\t\t\t\t\t\t\t\t\t\t<label for=\"form-field-name\" class=\"elementor-field-label\">\n\t\t\t\t\t\t\t\tNom \t\t\t\t\t\t\t<\/label>\n\t\t\t\t\t\t\t\t\t\t\t\t\t\t<input size=\"1\" type=\"text\" name=\"form_fields[name]\" id=\"form-field-name\" class=\"elementor-field elementor-size-sm  elementor-field-textual\" placeholder=\"Nom \" required=\"required\" aria-required=\"true\">\n\t\t\t\t\t\t\t\t\t\t\t<\/div>\n\t\t\t\t\t\t\t\t<div class=\"elementor-field-type-email elementor-field-group elementor-column elementor-field-group-email elementor-col-100 elementor-field-required\">\n\t\t\t\t\t\t\t\t\t\t\t\t<label for=\"form-field-email\" class=\"elementor-field-label\">\n\t\t\t\t\t\t\t\tEmail\t\t\t\t\t\t\t<\/label>\n\t\t\t\t\t\t\t\t\t\t\t\t\t\t<input size=\"1\" type=\"email\" name=\"form_fields[email]\" id=\"form-field-email\" class=\"elementor-field elementor-size-sm  elementor-field-textual\" placeholder=\"Email\" required=\"required\" aria-required=\"true\">\n\t\t\t\t\t\t\t\t\t\t\t<\/div>\n\t\t\t\t\t\t\t\t<div class=\"elementor-field-type-tel elementor-field-group elementor-column elementor-field-group-message elementor-col-100 elementor-field-required\">\n\t\t\t\t\t\t\t\t\t\t\t\t<label for=\"form-field-message\" class=\"elementor-field-label\">\n\t\t\t\t\t\t\t\tTelephone\t\t\t\t\t\t\t<\/label>\n\t\t\t\t\t\t\t\t<input size=\"1\" type=\"tel\" name=\"form_fields[message]\" id=\"form-field-message\" class=\"elementor-field elementor-size-sm  elementor-field-textual\" placeholder=\"06 00 00 00 00\" required=\"required\" aria-required=\"true\" pattern=\"[0-9()#&amp;+*-=.]+\" title=\"Only numbers and phone characters (#, -, *, etc) are accepted.\">\n\n\t\t\t\t\t\t<\/div>\n\t\t\t\t\t\t\t\t<div class=\"elementor-field-type-text elementor-field-group elementor-column elementor-field-group-field_1d4d6bb elementor-col-100\">\n\t\t\t\t\t\t\t\t\t\t\t\t<label for=\"form-field-field_1d4d6bb\" class=\"elementor-field-label\">\n\t\t\t\t\t\t\t\tVille du chantier \t\t\t\t\t\t\t<\/label>\n\t\t\t\t\t\t\t\t\t\t\t\t\t\t<input size=\"1\" type=\"text\" name=\"form_fields[field_1d4d6bb]\" id=\"form-field-field_1d4d6bb\" class=\"elementor-field elementor-size-sm  elementor-field-textual\" placeholder=\"...\">\n\t\t\t\t\t\t\t\t\t\t\t<\/div>\n\t\t\t\t\t\t\t\t<div class=\"elementor-field-type-select elementor-field-group elementor-column elementor-field-group-field_3508a48 elementor-col-100\">\n\t\t\t\t\t\t\t\t\t\t\t\t<label for=\"form-field-field_3508a48\" class=\"elementor-field-label\">\n\t\t\t\t\t\t\t\tPr\u00e9f\u00e9rence de contact.\t\t\t\t\t\t\t<\/label>\n\t\t\t\t\t\t\t\t<div class=\"elementor-field elementor-select-wrapper \">\n\t\t\t<select name=\"form_fields[field_3508a48]\" id=\"form-field-field_3508a48\" class=\"elementor-field-textual elementor-size-sm\">\n\t\t\t\t\t\t\t\t\t<option value=\"Email\">Email<\/option>\n\t\t\t\t\t\t\t\t\t<option value=\"Telephone\">Telephone<\/option>\n\t\t\t\t\t\t\t<\/select>\n\t\t<\/div>\n\t\t\t\t\t\t<\/div>\n\t\t\t\t\t\t\t\t<div class=\"elementor-field-type-checkbox elementor-field-group elementor-column elementor-field-group-field_755e9ab elementor-col-100\">\n\t\t\t\t\t\t\t\t\t\t\t\t<label for=\"form-field-field_755e9ab\" class=\"elementor-field-label\">\n\t\t\t\t\t\t\t\tS\u00e9lectionnez le(s) service(s) souhait\u00e9(s)\t\t\t\t\t\t\t<\/label>\n\t\t\t\t\t\t<div class=\"elementor-field-subgroup  \"><span class=\"elementor-field-option\"><input type=\"checkbox\" value=\"Ma\u00e7onnerie\" id=\"form-field-field_755e9ab-0\" name=\"form_fields[field_755e9ab][]\"> <label for=\"form-field-field_755e9ab-0\">Ma\u00e7onnerie<\/label><\/span><span class=\"elementor-field-option\"><input type=\"checkbox\" value=\" Toiture \/ Isolation\" id=\"form-field-field_755e9ab-1\" name=\"form_fields[field_755e9ab][]\"> <label for=\"form-field-field_755e9ab-1\"> Toiture \/ Isolation<\/label><\/span><span class=\"elementor-field-option\"><input type=\"checkbox\" value=\" Am\u00e9nagement d&#039;int\u00e9rieur\" id=\"form-field-field_755e9ab-2\" name=\"form_fields[field_755e9ab][]\"> <label for=\"form-field-field_755e9ab-2\"> Am\u00e9nagement d'int\u00e9rieur<\/label><\/span><span class=\"elementor-field-option\"><input type=\"checkbox\" value=\"Terrassement \" id=\"form-field-field_755e9ab-3\" name=\"form_fields[field_755e9ab][]\"> <label for=\"form-field-field_755e9ab-3\">Terrassement <\/label><\/span><span class=\"elementor-field-option\"><input type=\"checkbox\" value=\" Rev\u00eatement\" id=\"form-field-field_755e9ab-4\" name=\"form_fields[field_755e9ab][]\"> <label for=\"form-field-field_755e9ab-4\"> Rev\u00eatement<\/label><\/span><\/div>\t\t\t\t<\/div>\n\t\t\t\t\t\t\t\t<div class=\"elementor-field-type-text elementor-field-group elementor-column elementor-field-group-field_0b3fc29 elementor-col-100\">\n\t\t\t\t\t\t\t\t\t\t\t\t<label for=\"form-field-field_0b3fc29\" class=\"elementor-field-label\">\n\t\t\t\t\t\t\t\tHoraire de pr\u00e9f\u00e9rence pour le contact.\t\t\t\t\t\t\t<\/label>\n\t\t\t\t\t\t\t\t\t\t\t\t\t\t<input size=\"1\" type=\"text\" name=\"form_fields[field_0b3fc29]\" id=\"form-field-field_0b3fc29\" class=\"elementor-field elementor-size-sm  elementor-field-textual\" placeholder=\"Du lundi au mercredi 8h 17h \">\n\t\t\t\t\t\t\t\t\t\t\t<\/div>\n\t\t\t\t\t\t\t\t<div class=\"elementor-field-type-textarea elementor-field-group elementor-column elementor-field-group-field_949845d elementor-col-100\">\n\t\t\t\t\t\t\t\t\t\t\t\t<label for=\"form-field-field_949845d\" class=\"elementor-field-label\">\n\t\t\t\t\t\t\t\tDescription du projet \t\t\t\t\t\t\t<\/label>\n\t\t\t\t\t\t<textarea class=\"elementor-field-textual elementor-field  elementor-size-sm\" name=\"form_fields[field_949845d]\" id=\"form-field-field_949845d\" rows=\"4\"><\/textarea>\t\t\t\t<\/div>\n\t\t\t\t\t\t\t\t<div class=\"elementor-field-type-text elementor-field-group elementor-column elementor-field-group-field_0944132 elementor-col-100\">\n\t\t\t\t\t\t\t\t\t\t\t\t<label for=\"form-field-field_0944132\" class=\"elementor-field-label\">\n\t\t\t\t\t\t\t\tDate souhait\u00e9e des travaux\t\t\t\t\t\t\t<\/label>\n\t\t\t\t\t\t\t\t\t\t\t\t\t\t<input size=\"1\" type=\"text\" name=\"form_fields[field_0944132]\" id=\"form-field-field_0944132\" class=\"elementor-field elementor-size-sm  elementor-field-textual\">\n\t\t\t\t\t\t\t\t\t\t\t<\/div>\n\t\t\t\t\t\t\t\t<div class=\"elementor-field-type-upload elementor-field-group elementor-column elementor-field-group-field_818c263 elementor-col-100\">\n\t\t\t\t\t\t\t\t\t\t\t\t<label for=\"form-field-field_818c263\" class=\"elementor-field-label\">\n\t\t\t\t\t\t\t\tJoindre des plans ou photos \t\t\t\t\t\t\t<\/label>\n\t\t\t\t\t\t\t\t<input type=\"file\" name=\"form_fields[field_818c263]\" id=\"form-field-field_818c263\" class=\"elementor-field elementor-size-sm  elementor-upload-field\">\n\n\t\t\t\t\t\t<\/div>\n\t\t\t\t\t\t\t\t<div class=\"elementor-field-group elementor-column elementor-field-type-submit elementor-col-100 e-form__buttons\">\n\t\t\t\t\t<button type=\"submit\" class=\"elementor-button elementor-size-sm\">\n\t\t\t\t\t\t<span >\n\t\t\t\t\t\t\t\t\t\t\t\t\t\t\t<span class=\" elementor-button-icon\">\n\t\t\t\t\t\t\t\t\t\t\t\t\t\t\t\t\t\t\t\t\t\t\t\t\t\t<\/span>\n\t\t\t\t\t\t\t\t\t\t\t\t\t\t\t\t\t\t\t\t\t\t<span class=\"elementor-button-text\">Envoyer <\/span>\n\t\t\t\t\t\t\t\t\t\t\t\t\t<\/span>\n\t\t\t\t\t<\/button>\n\t\t\t\t<\/div>\n\t\t\t<\/div>\n\t\t<\/form>\n\t\t\t\t\t\t<\/div>\n\t\t\t\t<\/div>\n\t\t\t\t\t<\/div>\n\t\t<\/div>\n\t\t\t\t\t<\/div>\n\t\t<\/section>\n\t\t\t\t<\/div>\n\t\t","protected":false},"excerpt":{"rendered":"<p>Demande de devis Vous avez un projet de construction, de r\u00e9novation ou d\u2019am\u00e9nagement ? JD BAT &nbsp;est \u00e0 votre disposition pour vous offrir un devis personnalis\u00e9. Nous intervenons sur une large gamme de services, de l&rsquo;\u00e9lectricit\u00e9 \u00e0 la ma\u00e7onnerie, en passant par la plomberie et la toiture. Comment \u00e7a fonctionne ? &#8211; Remplissez le formulaire [&hellip;]<\/p>\n","protected":false},"author":1,"featured_media":0,"parent":0,"menu_order":0,"comment_status":"closed","ping_status":"closed","template":"","meta":{"footnotes":""},"class_list":["post-4783","page","type-page","status-publish","hentry","entry"],"yoast_head":"<!-- This site is optimized with the Yoast SEO Premium plugin v24.7 (Yoast SEO v24.7) - https:\/\/yoast.com\/wordpress\/plugins\/seo\/ -->\n<title>Demande de Devis &#8211; JD Bat<\/title>\n<meta name=\"robots\" content=\"index, follow, max-snippet:-1, max-image-preview:large, max-video-preview:-1\" \/>\n<link rel=\"canonical\" href=\"https:\/\/jdbat.fr\/index.php\/demande-de-devis\/\" \/>\n<meta property=\"og:locale\" content=\"fr_FR\" \/>\n<meta property=\"og:type\" content=\"article\" \/>\n<meta property=\"og:title\" content=\"Demande de Devis\" \/>\n<meta property=\"og:description\" content=\"Demande de devis Vous avez un projet de construction, de r\u00e9novation ou d\u2019am\u00e9nagement ? JD BAT &nbsp;est \u00e0 votre disposition pour vous offrir un devis personnalis\u00e9. Nous intervenons sur une large gamme de services, de l&rsquo;\u00e9lectricit\u00e9 \u00e0 la ma\u00e7onnerie, en passant par la plomberie et la toiture. Comment \u00e7a fonctionne ? &#8211; Remplissez le formulaire [&hellip;]\" \/>\n<meta property=\"og:url\" content=\"https:\/\/jdbat.fr\/index.php\/demande-de-devis\/\" \/>\n<meta property=\"og:site_name\" content=\"JD Bat\" \/>\n<meta property=\"article:modified_time\" content=\"2025-03-20T17:46:05+00:00\" \/>\n<meta property=\"og:image\" content=\"https:\/\/jdbat.fr\/wp-content\/uploads\/2025\/02\/Capture-removebg-preview.png\" \/>\n\t<meta property=\"og:image:width\" content=\"465\" \/>\n\t<meta property=\"og:image:height\" content=\"319\" \/>\n\t<meta property=\"og:image:type\" content=\"image\/png\" \/>\n<meta name=\"twitter:card\" content=\"summary_large_image\" \/>\n<meta name=\"twitter:label1\" content=\"Dur\u00e9e de lecture estim\u00e9e\" \/>\n\t<meta name=\"twitter:data1\" content=\"2 minutes\" \/>\n<script type=\"application\/ld+json\" class=\"yoast-schema-graph\">{\"@context\":\"https:\/\/schema.org\",\"@graph\":[{\"@type\":\"WebPage\",\"@id\":\"https:\/\/jdbat.fr\/index.php\/demande-de-devis\/\",\"url\":\"https:\/\/jdbat.fr\/index.php\/demande-de-devis\/\",\"name\":\"Demande de Devis &#8211; JD Bat\",\"isPartOf\":{\"@id\":\"https:\/\/www.jdbat.fr\/#website\"},\"datePublished\":\"2024-10-10T09:30:05+00:00\",\"dateModified\":\"2025-03-20T17:46:05+00:00\",\"breadcrumb\":{\"@id\":\"https:\/\/jdbat.fr\/index.php\/demande-de-devis\/#breadcrumb\"},\"inLanguage\":\"fr-FR\",\"potentialAction\":[{\"@type\":\"ReadAction\",\"target\":[\"https:\/\/jdbat.fr\/index.php\/demande-de-devis\/\"]}]},{\"@type\":\"BreadcrumbList\",\"@id\":\"https:\/\/jdbat.fr\/index.php\/demande-de-devis\/#breadcrumb\",\"itemListElement\":[{\"@type\":\"ListItem\",\"position\":1,\"name\":\"Accueil\",\"item\":\"https:\/\/www.jdbat.fr\/\"},{\"@type\":\"ListItem\",\"position\":2,\"name\":\"Demande de Devis\"}]},{\"@type\":\"WebSite\",\"@id\":\"https:\/\/www.jdbat.fr\/#website\",\"url\":\"https:\/\/www.jdbat.fr\/\",\"name\":\"JD Bat\",\"description\":\"Vos projets, sans effort.\",\"publisher\":{\"@id\":\"https:\/\/www.jdbat.fr\/#organization\"},\"alternateName\":\"JDBat\",\"potentialAction\":[{\"@type\":\"SearchAction\",\"target\":{\"@type\":\"EntryPoint\",\"urlTemplate\":\"https:\/\/www.jdbat.fr\/?s={search_term_string}\"},\"query-input\":{\"@type\":\"PropertyValueSpecification\",\"valueRequired\":true,\"valueName\":\"search_term_string\"}}],\"inLanguage\":\"fr-FR\"},{\"@type\":\"Organization\",\"@id\":\"https:\/\/www.jdbat.fr\/#organization\",\"name\":\"JD Bat\",\"alternateName\":\"JDBAT\",\"url\":\"https:\/\/www.jdbat.fr\/\",\"logo\":{\"@type\":\"ImageObject\",\"inLanguage\":\"fr-FR\",\"@id\":\"https:\/\/www.jdbat.fr\/#\/schema\/logo\/image\/\",\"url\":\"https:\/\/jdbat.fr\/wp-content\/uploads\/2025\/02\/Capture-removebg-preview.png\",\"contentUrl\":\"https:\/\/jdbat.fr\/wp-content\/uploads\/2025\/02\/Capture-removebg-preview.png\",\"width\":465,\"height\":319,\"caption\":\"JD Bat\"},\"image\":{\"@id\":\"https:\/\/www.jdbat.fr\/#\/schema\/logo\/image\/\"},\"description\":\"Entreprise de batiment en Ile de France\",\"email\":\"jg.jdbat@gmail.com\",\"legalName\":\"JDBAT\",\"publishingPrinciples\":\"https:\/\/www.jdbat.fr\/index.php\/politique-de-cookies-ue\/\",\"correctionsPolicy\":\"https:\/\/www.jdbat.fr\/index.php\/politique-de-cookies-ue\/\",\"ethicsPolicy\":\"https:\/\/www.jdbat.fr\/index.php\/conditions-generales\/\",\"diversityPolicy\":\"https:\/\/www.jdbat.fr\/index.php\/politique-de-cookies-ue\/\"}]}<\/script>\n<!-- \/ Yoast SEO Premium plugin. -->","yoast_head_json":{"title":"Demande de Devis &#8211; JD Bat","robots":{"index":"index","follow":"follow","max-snippet":"max-snippet:-1","max-image-preview":"max-image-preview:large","max-video-preview":"max-video-preview:-1"},"canonical":"https:\/\/jdbat.fr\/index.php\/demande-de-devis\/","og_locale":"fr_FR","og_type":"article","og_title":"Demande de Devis","og_description":"Demande de devis Vous avez un projet de construction, de r\u00e9novation ou d\u2019am\u00e9nagement ? JD BAT &nbsp;est \u00e0 votre disposition pour vous offrir un devis personnalis\u00e9. Nous intervenons sur une large gamme de services, de l&rsquo;\u00e9lectricit\u00e9 \u00e0 la ma\u00e7onnerie, en passant par la plomberie et la toiture. Comment \u00e7a fonctionne ? &#8211; Remplissez le formulaire [&hellip;]","og_url":"https:\/\/jdbat.fr\/index.php\/demande-de-devis\/","og_site_name":"JD Bat","article_modified_time":"2025-03-20T17:46:05+00:00","og_image":[{"width":465,"height":319,"url":"https:\/\/jdbat.fr\/wp-content\/uploads\/2025\/02\/Capture-removebg-preview.png","type":"image\/png"}],"twitter_card":"summary_large_image","twitter_misc":{"Dur\u00e9e de lecture estim\u00e9e":"2 minutes"},"schema":{"@context":"https:\/\/schema.org","@graph":[{"@type":"WebPage","@id":"https:\/\/jdbat.fr\/index.php\/demande-de-devis\/","url":"https:\/\/jdbat.fr\/index.php\/demande-de-devis\/","name":"Demande de Devis &#8211; JD Bat","isPartOf":{"@id":"https:\/\/www.jdbat.fr\/#website"},"datePublished":"2024-10-10T09:30:05+00:00","dateModified":"2025-03-20T17:46:05+00:00","breadcrumb":{"@id":"https:\/\/jdbat.fr\/index.php\/demande-de-devis\/#breadcrumb"},"inLanguage":"fr-FR","potentialAction":[{"@type":"ReadAction","target":["https:\/\/jdbat.fr\/index.php\/demande-de-devis\/"]}]},{"@type":"BreadcrumbList","@id":"https:\/\/jdbat.fr\/index.php\/demande-de-devis\/#breadcrumb","itemListElement":[{"@type":"ListItem","position":1,"name":"Accueil","item":"https:\/\/www.jdbat.fr\/"},{"@type":"ListItem","position":2,"name":"Demande de Devis"}]},{"@type":"WebSite","@id":"https:\/\/www.jdbat.fr\/#website","url":"https:\/\/www.jdbat.fr\/","name":"JD Bat","description":"Vos projets, sans effort.","publisher":{"@id":"https:\/\/www.jdbat.fr\/#organization"},"alternateName":"JDBat","potentialAction":[{"@type":"SearchAction","target":{"@type":"EntryPoint","urlTemplate":"https:\/\/www.jdbat.fr\/?s={search_term_string}"},"query-input":{"@type":"PropertyValueSpecification","valueRequired":true,"valueName":"search_term_string"}}],"inLanguage":"fr-FR"},{"@type":"Organization","@id":"https:\/\/www.jdbat.fr\/#organization","name":"JD Bat","alternateName":"JDBAT","url":"https:\/\/www.jdbat.fr\/","logo":{"@type":"ImageObject","inLanguage":"fr-FR","@id":"https:\/\/www.jdbat.fr\/#\/schema\/logo\/image\/","url":"https:\/\/jdbat.fr\/wp-content\/uploads\/2025\/02\/Capture-removebg-preview.png","contentUrl":"https:\/\/jdbat.fr\/wp-content\/uploads\/2025\/02\/Capture-removebg-preview.png","width":465,"height":319,"caption":"JD Bat"},"image":{"@id":"https:\/\/www.jdbat.fr\/#\/schema\/logo\/image\/"},"description":"Entreprise de batiment en Ile de France","email":"jg.jdbat@gmail.com","legalName":"JDBAT","publishingPrinciples":"https:\/\/www.jdbat.fr\/index.php\/politique-de-cookies-ue\/","correctionsPolicy":"https:\/\/www.jdbat.fr\/index.php\/politique-de-cookies-ue\/","ethicsPolicy":"https:\/\/www.jdbat.fr\/index.php\/conditions-generales\/","diversityPolicy":"https:\/\/www.jdbat.fr\/index.php\/politique-de-cookies-ue\/"}]}},"_links":{"self":[{"href":"https:\/\/jdbat.fr\/index.php\/wp-json\/wp\/v2\/pages\/4783","targetHints":{"allow":["GET"]}}],"collection":[{"href":"https:\/\/jdbat.fr\/index.php\/wp-json\/wp\/v2\/pages"}],"about":[{"href":"https:\/\/jdbat.fr\/index.php\/wp-json\/wp\/v2\/types\/page"}],"author":[{"embeddable":true,"href":"https:\/\/jdbat.fr\/index.php\/wp-json\/wp\/v2\/users\/1"}],"replies":[{"embeddable":true,"href":"https:\/\/jdbat.fr\/index.php\/wp-json\/wp\/v2\/comments?post=4783"}],"version-history":[{"count":25,"href":"https:\/\/jdbat.fr\/index.php\/wp-json\/wp\/v2\/pages\/4783\/revisions"}],"predecessor-version":[{"id":5413,"href":"https:\/\/jdbat.fr\/index.php\/wp-json\/wp\/v2\/pages\/4783\/revisions\/5413"}],"wp:attachment":[{"href":"https:\/\/jdbat.fr\/index.php\/wp-json\/wp\/v2\/media?parent=4783"}],"curies":[{"name":"wp","href":"https:\/\/api.w.org\/{rel}","templated":true}]}}